.
2
Let r be 1 + 0 + -1 + -3. Let s(q) be the third derivative of -q**4/24 - q**3/3 - 5*q**2. What is s(r)?
1
Let q(f) = 33 - 35 + 3*f + 4*f**2 - 2*f**3 - 5*f. Calculate q(2).
-6
Let l(z) be the third derivative of -z**4/24 - 5*z**3/6 + 11*z**2 - 4*z. Determine l(5).
-10
Let r(a) be the first derivative of -4*a**3/3 + a**2/2 + a - 9. Suppose 0 = -2*x - 2 - 0. Calculate r(x).
-4
Let u = 10 - 6. Let w(v) = -3*v + 2*v + 3*v - 3*v + 2. Calculate w(u).
-2
Suppose -5*x - 5 = u, -4*x - u = 3*u - 12. Let n(c) = -4*c - 5. Let w(q) = 8*q + 11. Let p(y) = -5*n(y) - 2*w(y). What is p(x)?
-5
Let t(h) = h**2 - 4*h + 6. Let s = -6 + 10. Suppose -4*j - s = -4*x, 3*x - 4*j = -2 + 4. Let q(y) = y + 2. Let w be q(x). Give t(w).
6
Let a(p) = p**2 - 3. Suppose -3*x - 2*x - 23 = u, -5*u + 5 = -5*x. Determine a(u).
6
Let s(q) = 1. Let z = -2 + 3. Let u(a) = a - 2. Let m(o) = z*u(o) - 2*s(o). Let t be (-2 - -4)*4/2. Calculate m(t).
0
Suppose -5*u - 25 = -3*o + 5*o, 5*o + 5*u + 40 = 0. Let r(s) = -s. Let f(d) = -7*d - 3. Let j(k) = f(k) - 6*r(k). Determine j(o).
2
Let z(x) = -x**2 + x + x - 4*x + 1 + 3*x**2. Let h be (1/2 + 0)*2. Give z(h).
1
Let a = -1 - -5. Let f = -4 - -7. Let q(d) = -2*d**2 - d**f - d**3 + a + d - 5. Determine q(-2).
5
Let l(u) be the second derivative of 1/3*u**3 + 2*u + 0 - 1/6*u**4 + 1/2*u**2. What is l(2)?
-3
Let l(a) = 6*a**3 + 6*a**2 - a. Let f(m) = m**3 + m**2. Let j(y) = -5*f(y) + l(y). Determine j(1).
1
Let q(k) = k**3 + 5*k**2 - 8*k + 3. Let d(b) = b**2 - 2. Let j(c) = d(c) - q(c). Calculate j(-6).
19
Suppose 0 = -4*w + 5*w + 4. Let k(n) = -n**2 - 3*n. Give k(w).
-4
Let g(j) = j**3 + 4*j**2 + 2*j - 1. Let m be 4/7*21/(-6). Give g(m).
3
Let v be 6/((-6)/(-15)*5). Suppose 3*z + 2*w - 3*w = 4, 0 = 5*z + 2*w - 14. Suppose -z*c = v*c + 10. Let o(s) = s**3 + s**2 - 1. Give o(c).
-5
Let r(i) = i - 5. Suppose -10*f + 24 + 16 = 0. Give r(f).
-1
Suppose -2*k + 3 = -2*u - u, -2*k - 6 = 0. Let s(v) = 2*v - 2. Determine s(u).
-8
Let m = 4 + -1. Suppose v + 6 = 3*t - 1, v - 2*t + m = 0. Let i(a) = 0*a**3 - a**3 + 5*a + 2*a**2 - a - v*a**2. Calculate i(-4).
0
Let l(m) = 15*m**3 - 11*m**2 + 11*m - 9. Let w(z) = -7*z**3 + 6*z**2 - 6*z + 5. Let k(q) = 4*l(q) + 7*w(q). What is k(1)?
10
Suppose 13*l - 10*l + 15 = 0. Let a(f) = -4*f - 5. Calculate a(l).
15
Let j be (-2 + 2)*(4 - 3). Suppose 2*k + j*b = b - 1, 0 = -b - 5. Let g(h) = -6*h + 2. Let a(y) = -7*y + 3. Let v(m) = 4*a(m) - 5*g(m). Determine v(k).
-4
Suppose -5 = 2*m + 3. Let s be 0/((-1)/2*m). Let j(n) be the first derivative of n**2/2 - 8*n + 2. Determine j(s).
-8
Suppose 0 = -2*n + 2, 0*o - 3*o - 2*n - 7 = 0. Let k(s) = -s**3 - 5*s**2 + 2*s + 1. Let b(r) = r**3 + 6*r**2 - 3*r - 1. Let x(g) = -2*b(g) - 3*k(g). Give x(o).
-1
Let f = 6 - 10. Let i(t) be the second derivative of -t**4/12 - 2*t**3/3 - t**2/2 - t. What is i(f)?
-1
Let p(k) = 3*k**2 - 4. Let c be p(2). Let j(v) = -v**2 + 9*v - 6. What is j(c)?
2
Let c(q) be the first derivative of -4*q**3/3 - q**2/2 - q - 27. What is c(-1)?
-4
Let l(d) = 7*d**3 + 3*d**2 - 8*d - 3. Let v(i) = 6*i**3 + 3*i**2 - 7*i - 3. Let b(t) = -5*l(t) + 6*v(t). Determine b(-3).
3
Let d(r) = -5*r**3 + 5*r**2 - r - 2. Let g(n) = 11*n**3 - 10*n**2 + 2*n + 4. Let u(i) = -9*d(i) - 4*g(i). Give u(5).
7
Let h(d) = -d**2 - 7*d - 4. Let b be h(-6). Let z(s) be the second derivative of 0 + s + 5/2*s**b - 1/6*s**3. Determine z(5).
0
Suppose 0 = -m + i + 4, -3*i = 3*m - 2*i - 16. Let r = m + -4. Let a(j) = 5*j**2 - 2*j + 1. What is a(r)?
4
Suppose 0*v - 2*v + 2 = -4*d, -8 = v + d. Let k(b) be the second derivative of 3*b**2 + 0 - 1/12*b**4 + b - 5/6*b**3. Calculate k(v).
6
Let i(x) = x - 1. Let m be (5 - 1) + (1 - 2). Let w = 8 - 6. Suppose -1 = -p + 2*n, 3*p - 2 = w*n + m*n. Calculate i(p).
-2
Let z(n) = -1 + 2 - 9*n**2 + 3*n**2. Suppose 0 = -5*u + 6 + 9. Suppose -3*g + 3*k = 15, 4*g + u*k = -k + 12. Calculate z(g).
-5
Let h(i) = 1 + 8 + i**2 - 7*i - 2*i + 2*i. Calculate h(6).
3
Let u(q) be the first derivative of q**2/2 - 1. Let v = 14 - 4. Suppose 3*o = o + v. Determine u(o).
5
Let s(p) = 3*p. Suppose -5*w - 25 = -5*z, -3*w - 26 + 11 = 5*z. Let d be 0 + (1 + z - -1). Determine s(d).
6
Let h(z) = 2*z**3 - z**2 + 7*z - 9. Let q(u) = u**3 + 3*u - 4. Let o(w) = -3*h(w) + 7*q(w). Let d = 7 - 17. Let m be 22/d - (-3)/15. Give o(m).
3
Suppose -12*x - 12 = -8*x. Let h(n) be the first derivative of 2*n**3/3 + 3*n**2/2 - 4*n - 1. Calculate h(x).
5
Let y(m) = m**3 - 2*m - m - 2*m**3 + 5*m**2. Suppose -2*a + 2 = -4*a, -2*a = -s + 6. Determine y(s).
4
Let j(i) = -7*i + 1. Suppose -2*r - 2 = -4*g, 3*g - 12 = -2*r - 0*r. Determine j(g).
-13
Let c(v) = -v**3 + 8*v**2 - 8*v + 7. Let d be c(7). Suppose d = -5*m + 10, 0 = -3*t + 2*m + m + 12. Let j = t - 5. Let x(s) = -4*s**2 - s + 1. What is x(j)?
-4
Let n(x) = x + 1. Suppose 4*d = -0*d - 0*d. Give n(d).
1
Let p(m) be the second derivative of -m**5/20 + 7*m**4/12 - m**3/3 + m**2/2 - 22*m + 3. Determine p(3).
31
Let r(v) = -3*v + 8. Let w be (-20)/(-90) + (-104)/(-18). Determine r(w).
-10
Suppose 2*i + y - 11 = 0, i - 17*y + 21*y - 23 = 0. Let j(v) = -6 + 6*v - 3*v - 2*v. Calculate j(i).
-3
Let y(x) = -3*x + 2. Let q be (1/(-2))/((-3)/6). Let k(m) = -3*m**2 - 8*m - 11. Let w(a) = -a**2 - 1. Let c(g) = q*k(g) - 4*w(g). Let t be c(9). What is y(t)?
-4
Suppose 0 = 3*o - 2*o - 2*t - 2, -t = -5*o - 26. Let q(k) = -k**3 - 7*k**2 - 8*k - 6. Determine q(o).
6
Suppose 3*y = 8 + 25. Suppose -4*o - 28 = -4*n, o + 6*n - n - y = 0. Let l(q) = q**2 + 5*q - 4. Give l(o).
-8
Let r = 9 - 6. Let k(u) = -3*u**2 - 2*u - u**3 - 2*u**r + 2*u**3. What is k(-3)?
6
Let l = -19 - -21. Let r(x) = -2*x**2 - 2*x**3 - x**3 + 2*x**l. Give r(-1).
3
Suppose 0 = -5*b - 0 - 5, -2*b = w + 4. Let c(n) = n. Let g(o) = 2*o + 2. Let u(j) = -4*c(j) + g(j). Give u(w).
6
Let q(k) = k**3 - 6*k**2 + 7*k - 5. Let w be q(5). Let u(o) = o**3 - 6*o**2 + 2*o - 7. Let d be u(6). Let b(g) = g - d*g - 5 + w*g. What is b(0)?
-5
Suppose 5*g + 33 = 3. Let j(s) = s**3 + 7*s**2 + 7*s + 8. Determine j(g).
2
Let s(c) = c**3 - 5*c**2 - 6*c - 2. Let h(w) be the third derivative of w**6/120 - w**5/15 - w**4/6 + w**3/6 + 2*w**2. Let u be h(5). Give s(u).
-2
Let z(a) be the second derivative of -a**3/6 - 5*a**2/2 - a. Suppose -2*g - 3*s - 3 = -4*g, -5*g + 60 = 3*s. Let v = 5 - g. What is z(v)?
-1
Let v(c) be the first derivative of -c**7/420 - c**6/180 - c**5/60 - c**4/24 - 4*c**3/3 + 7. Let l(r) be the third derivative of v(r). What is l(-1)?
1
Let p(n) be the third derivative of -n**6/120 - n**5/12 - n**4/12 + 3*n**2. Calculate p(-4).
-8
Let i(u) = 1 - u**3 - 4*u**2 + 0*u**3 + 3*u**2. Let w(t) = 7*t**3 + 8*t**2 + 3*t - 5. Let j(l) = -5*i(l) - w(l). Give j(-2).
10
Suppose -4*j = -j. Let z be (j - -1)*(1 - -4). Let d(w) = w**3 - 5*w**2 + w + 7. Give d(z).
12
Suppose -12 = -2*i + 2*t - 0, -t = 1. Let a(q) = q - 7. Give a(i).
-2
Suppose -5*z = 4*l + 12, -2*l = 2*z + 2*z + 12. Suppose -n = -l*n. Let d be 3/((0 - 1) + n). Let b(j) = j**2 + 2*j - 1. Calculate b(d).
2
Suppose 3 = l + 2*m - 0, -3*m = 4*l - 17. Suppose l = -t + 2*t, -2*t + 1 = -3*j. Let a(r) = -4*r**j + 6*r - r + 1 + 3*r**3 - 3*r**2 - r. Give a(-3).
-11
Let y be (-5)/(-1 + 1 - 1). Let x(m) = 5*m**2 - m. Let d be x(1). Let i(v) = 3 + d + 2 - 2*v - 7. Give i(y).
-8
Let r(h) = -h + 2*h - 4 + 1 + 1. Let n = -11 - -16. What is r(n)?
3
Let u(h) = h**3 + 4*h**2 + 1. Suppose 0 = -2*j - 8 - 8. Let g = j - -3. Let b = g - -1. Calculate u(b).
1
Let g(s) = s**2 + 2*s + 4. Let c(u) = u**3 + 11*u**2 - 14*u - 13. Let a be c(-12). Let j = a - 14. Calculate g(j).
7
Let q be (-10)/4*6*-1. Suppose 0 = -2*k + 5*k - q. Let p be (k + -2)/((-3)/2). Let i(m) = -2*m**2 - m - 1. What is i(p)?
-7
Let c(w) be the third derivative of w**4/12 + 2*w**3/3 + 17*w**2. Give c(-6).
-8
Let f(z) = 9*z**3 + z**2 - 10*z + 7. Let b(l) = -5*l**3 - l**2 + 5*l - 4. Let u(t) = 7*b(t) + 4*f(t). Suppose 5*g + 2*r - 1 = 11, 5*g + 3*r = 8. What is u(g)?
-4
Let h(a) = -21*a + 16. Let l(u) = -4*u + 3. Let o(j) = 2*h(j) - 11*l(j). Determine o(1).
1
Let d = 14 - 20. Let j = d - 1. Let r(s) = -s**3 - 8*s**2 - 5*s + 9. Determine r(j).
-5
Let z(w) = 0 + 1 + 0*w - w. Let q = -2 + 8. Calculate z(q).
-5
Let g(o) be the first derivative of -2*o**5/5 + o**3/6 - 2*o + 3. Let x(t) be the first derivative of 